*f. What is the units digit of (w/5)/((-15)/(-100))?
8
Suppose 3 - 13 = -2*d. Suppose -127 - 168 = -d*q. What is the tens digit of q?
5
Suppose s + 7 = 8. Let m be -19 + s + (7 - 4). What is the tens digit of (-6)/m - 1190/(-25)?
4
Let o = 102 - 82. What is the units digit of 1 + 2585/o + 1/(-4)?
0
What is the units digit of 8 - (7 - (5 + 306))?
2
Let i = 15 + -6. Suppose i*m = -2*m + 1628. What is the hundreds digit of m?
1
Let d(r) = 9 + 3*r**2 + 2 + r - 3*r + 7*r. What is the tens digit of d(-5)?
6
Let f(r) be the second derivative of -r**5/20 + r**4/12 - r**3/2 + 5*r**2 - 14*r. What is the tens digit of f(-5)?
7
Let o(b) be the second derivative of 8*b**5/5 + b**4/4 - b**3/3 + b**2/2 - b. Let m = -88 + 89. What is the tens digit of o(m)?
3
Let h(w) = w**2 + 13*w + 39. What is the units digit of h(-10)?
9
Let k = -2919 - -6165. What is the units digit of k?
6
Let k(g) = -4*g - 9. Let b(h) = 3*h + 8. Let v(o) = 7*b(o) + 6*k(o). Let f be v(-1). What is the tens digit of (56/5)/(1/f)?
5
Let d = 312 - -600. Suppose -9*x - d = -4*t - 14*x, 3*x + 711 = 3*t. What is the tens digit of t?
3
Suppose 5*m = v + 8785, 0 = -m - 0*v + 5*v + 1733. What is the thousands digit of m?
1
Let r be (-5 + 2 + -32)*-1. Let z = 91 - r. Suppose -3*m + 7 = -z. What is the units digit of m?
1
Suppose 9*l - 8*l = 21. Suppose 4*y + 5 = l. Suppose 0 - y = 4*z, 3*h + 2*z - 34 = 0. What is the units digit of h?
2
Let l = 1860 - 990. What is the tens digit of l?
7
Let l(w) = 8 + 92*w - 74*w - 43. What is the units digit of l(6)?
3
Let a(c) = 5*c**2 + 2*c + 2. Let f be a(-1). Suppose -f*k + 99 = -96. What is the tens digit of k?
3
Suppose 10*u + 3*k = 5*u + 81, -3*u + 63 = -3*k. Let i be (-8)/20*(-2 - u). Suppose -3*n = -i*n + 15. What is the units digit of n?
3
Let j = 2 - 1. Let h = 794 - 791. What is the tens digit of 29*(j - (3 - h))?
2
Suppose -2*h = -d - 7, -3*h = 2*h - d - 25. Let v(a) = 9*a + 6. Let u be v(h). Suppose 0 = f + 2*l - 6, 2*f + 2*f - l = u. What is the units digit of f?
4
Suppose -137 - 145 = -6*r. What is the tens digit of r?
4
Suppose -5*j = -c + 200, 2*c = 10*j - 12*j + 448. What is the units digit of c?
0
Let l = -38 + 45. Let q(i) = 17*i - 7. What is the tens digit of q(l)?
1
Suppose 0 = -9*a - 3*a + 4872. What is the units digit of a?
6
Suppose -7*o = -3*o - 724. Let c = o - 103. What is the units digit of c?
8
Let b = -5756 - -9572. What is the units digit of b?
6
Let k be (-6 + 5 - -2) + -4. What is the units digit of (k - 32/(-3))*24?
4
Let z = -3855 + 6945. What is the hundreds digit of z?
0
Let z(t) = 3*t**2 - 7*t + 34. Let s(m) = -2*m**2 + 3*m - 17. Let u(o) = -11*s(o) - 6*z(o). What is the units digit of u(5)?
8
What is the tens digit of -3 + 6*(-2384)/72*-9?
8
Suppose -y + 3*c = 4*y - 38, 5*y - 70 = -5*c. Let v = y + -6. Suppose -2*m = -o - 2, -2*o + 3*o - v*m = -10. What is the units digit of o?
6
Let y = 74 + -54. Suppose 7*c - y*c = -2756. What is the units digit of c?
2
Let h(k) = -k**3 + 8*k**2 + 4*k + 27. Let r be h(9). What is the tens digit of (366/(-8))/(r/96)?
4
Let o(r) = -r**2 - 2*r + 7. Let m be o(-3). What is the units digit of (-6)/(24/(-26))*m?
6
Let w(d) = -2*d**3 + 4*d**2 + 7*d. Let g be w(7). Let q = 641 + g. What is the hundreds digit of q?
2
What is the tens digit of -1*(-546 + -5) + -4?
4
Let x(g) = 2*g**2 + 2*g - 11. Suppose 0 = -2*l + 10, 15 - 2 = 4*f + l. Let q be -5*f + -3 + 7. What is the tens digit of x(q)?
4
Suppose 2*x + 16 + 0 = 0. Let r(k) = -k**3 - 6*k**2 + 4*k - 6. Let s be r(x). Suppose -2*m = m - s. What is the tens digit of m?
3
Let k(z) = 9*z - 1. Let d be k(8). Suppose -14*r = -13*r - d. What is the tens digit of r?
7
Let p(v) = v + 8. Let c be p(0). Let x be (c/(-12))/(1/36). Let i = 7 - x. What is the units digit of i?
1
Let a(v) = -264*v + 62. What is the tens digit of a(-5)?
8
Let i(k) = -k**3 + 4*k**2 + 5. Let c be i(6). Let h = -7 - c. Suppose -w = f - 32, 5*f - h = -3*w + 104. What is the units digit of f?
4
Let k = -26 - -19. Let s = 10 + k. Suppose s*o = o + 14. What is the units digit of o?
7
Let l(g) = g**3 + 18*g**2 + 58*g + 314. What is the hundreds digit of l(-6)?
3
Let g = 300 + -213. Let i = g + -27. What is the units digit of i?
0
Let n(j) = j**3 - 18*j**2 - 31*j + 22. What is the tens digit of n(21)?
9
Suppose -5*p - 96 = -3*y + 775, -p = 5*y - 1489. What is the units digit of y?
7
Let z(g) = -2*g - 2. Suppose -p - 5 = -2*c, c - p = -2*c + 10. Suppose -63 = c*a + t, 5*a + 6 = 4*t - 42. What is the units digit of z(a)?
2
Suppose 2*l + 4 = -0. What is the tens digit of l/(-4) + (-258)/(-12)?
2
What is the tens digit of (-7874)/(-11) + (-1 - 26/(-22))?
1
Suppose 4*a + 3 = -3*m + 1, 4*a = 3*m - 14. Let n be (3 - 3 - a) + 16. Suppose w = -4 + n. What is the tens digit of w?
1
What is the units digit of (79/(-158))/((-1)/10) - -2594?
9
Let c(u) = -u**3 + 7*u**2 + 9*u - 7. Let r be c(8). What is the units digit of r + 0 + -1 - -37?
7
Let r(w) = 4*w - 39. Let o be r(11). Suppose 150 = 3*f - 3*n, -10*f - 3*n = -o*f - 210. What is the tens digit of f?
4
Let i(k) = k**2 + 7*k + 3. Let g be i(-7). Suppose 4*n - g*n - 4*o = 21, -n - 15 = 5*o. What is the units digit of n?
5
Let i be (-69)/(-15) - (-3)/(-5). Let n(z) = 8*z - 2*z - i*z - 1 + 46*z**3. What is the tens digit of n(1)?
4
Let t(o) = 282*o**2 - 2*o + 4. Let s be t(-2). Suppose 0 = 8*l - s + 472. What is the units digit of l?
3
Let t(w) = 1. Let g(k) = 3*k**3 - k**2 - 2*k + 3. Suppose 2*z - 19 = -5*y, 3*z - 2 = 5*z - 2*y. Let q(h) = z*t(h) - g(h). What is the tens digit of q(-2)?
2
Let c be (-15)/((-1 + -2)*(-5)/(-20)). What is the tens digit of 1980/c + 1/(-1)*-2?
0
Suppose -5*a + 394 = -266. What is the hundreds digit of a?
1
Let o = 13 - 11. Suppose -x - 4 = -3*c - 23, -o*x = 2*c + 2. Suppose -x*v + 0*v + 108 = 0. What is the tens digit of v?
2
Let h = 271 + -180. Suppose 2*v - 13 - h = 0. What is the tens digit of v?
5
Let a be (2 + -2)/(0 + 2). Suppose a = 9*z - 4*z - 215. Suppose 3*h - h + z = d, 3*h = -2*d + 121. What is the tens digit of d?
5
Suppose -4*f + 256 - 740 = 0. What is the tens digit of (-1)/2 + f/(-2)?
6
Let r = -21 + 10. Let w(i) = i + 13. Let d be w(r). Suppose d*o - 2*h = 86, -o + 3*o + 2*h - 74 = 0. What is the units digit of o?
0
Suppose 17*c + 261 = 20*c. Let z = 147 - c. What is the units digit of z?
0
What is the units digit of 825/(-25)*7*-9?
9
What is the tens digit of (-5 + 158)/((-17)/(-272))?
4
Let k be 4/4 + (-5)/5. What is the tens digit of (786 + k)/3*(-3)/(-6)?
3
Let p(h) = h**2 - h + 2. Let t be p(0). Suppose 0 = k - 2*k + t*s + 146, 5*s = -4*k + 558. What is the hundreds digit of k?
1
Let f(v) = 136*v**2 - 7*v + 1. Let u be f(3). Suppose -u = -14*d + 1092. What is the tens digit of d?
6
What is the tens digit of (-2 - 0) + (-1224)/(-4)?
0
Let g be -2 - (12/(-4) - -1). Suppose v + 3*i + 0*i = -7, g = -2*v + 2*i + 18. Suppose -6 = 2*k, v*k = -3*c + 73 - 10. What is the tens digit of c?
2
Let z = -2 - -6. Let s be z + (-2 - 0)/2. Suppose s*q - 35 - 16 = 0. What is the units digit of q?
7
Let w(f) = 2*f + 21. Let j(h) = h + 10. Let x(c) = -5*j(c) + 3*w(c). What is the units digit of x(0)?
3
Suppose 0 = 4*c + 4*x - 2*x - 1546, 2*c - 3*x = 769. Suppose 4*y - 716 = -g + 21, -4*g = 2*y - c. What is the hundreds digit of y?
1
Suppose -41636 = 2096*i - 2110*i. What is the thousands digit of i?
2
What is the tens digit of (44/14 - 3) + 4402/7?
2
Suppose 3*d + 57 = 3*j - 0*j, 3*d = -5*j + 55. Suppose 205 = 5*a - 2*f, 4*f - j - 68 = -2*a. What is the tens digit of a?
4
Let a = 3818 - 625. What is the thousands digit of a?
3
Let m(d) = d - 16. Let u be m(19). Suppose -u*t - 5*k = -190 - 5, 5*k - 315 = -5*t. What is the tens digit of t?
6
Let w = -870 + 1228. What is the tens digit of w?
5
Let l = 12 - 2. Suppose g - 1 = -l. Let y = 5 - g. What is the units digit of y?
4
Suppose 5*m = 2*c - 19 - 6, 2*c - 4 = -2*m. What is the tens digit of m + 13 + -1 + 3?
1
Let w(z) = z + 10. Let j be -2 - 5 - (-4 + 5). What is the units digit of w(j)?
2
Let z(v) = v + 3. Let x be z(6). Let n be (-45)/10*12/x. What is the units digit of (-1 - -4)/(n/(-34))?
7
Suppose 4*x = 5*x + 4*n - 468, n = -2. Suppose -8*y = -6*y - x. What is the units digit of y?
8
Let c(q) be the second derivative of q**4/4 + q**3/3 - q**2/2 + q. Let s be